{"id":91,"date":"2005-11-18T11:11:37","date_gmt":"2005-11-18T09:11:37","guid":{"rendered":"?page_id=91"},"modified":"2009-06-26T20:23:09","modified_gmt":"2009-06-26T18:23:09","slug":"auvert-anne-julie","status":"publish","type":"page","link":"https:\/\/sociologie.univ-paris8.fr\/?page_id=91","title":{"rendered":"Auvert Anne-Julie"},"content":{"rendered":"<h3>ATER<\/h3>\n<p>Annejulie.auvert@free.fr<br \/>\nLaboratoire : Genre Travail et Mobilit\u00e9s<\/p>\n<h3>Enseignements :<\/h3>\n<p>Cat\u00e9gorisation de la France contemporaine, S1, mercredi 9h-12h<br \/>\nPr\u00e9sentation et analyse d\u2019une grande enqu\u00eate : Les ch\u00f4meurs de Marienthal, P. Lazarsfeld (Dir), S2, lundi 15h-18h<\/p>\n<h3>Th\u00e8mes de recherche :<\/h3>\n<p>* Sociologie des \u00e9critures et ethnologie des pratiques<br \/>\n* Les cultures graphiques<br \/>\n* Les usages des \u00e9crits professionnels et\/ou ordinaires<br \/>\nSujet de doctorat : Les relations \u00e9crites entre les administr\u00e9s et les institutions en charge du social.  <\/p>\n<h3>Publications r\u00e9centes<\/h3>\n<p> \u00ab Le sociologue et les archives des enqu\u00eat\u00e9s \u00bb, in <em>Sociologie et Soci\u00e9t\u00e9s<\/em>, \u00e0 para\u00eetre prochainement. <\/p>\n<p> Avec Hafed Benotman, \u00ab Le quotidien des longues peines \u00bb, in <em>Revue d\u2019Etude Politique des Assistants de S\u00e9nateurs<\/em>, \u00e0 para\u00eetre 2008. <\/p>\n<p>avec Sylvan Lemaire, \u00ab Recours gracieux de demandeurs d\u2019emploi radi\u00e9s \u00bb, in Y\u2019en a qui abusent, <em>Carnets de bord en sciences humaines<\/em>, n\u00b0 13, 2007. <\/p>\n<p> avec Aude B\u00e9liard, \u00ab Des \u00e9tudiants \u00e9trangers \u00e0 Paris 8 : parcours et mani\u00e8res de vivre l\u2019universit\u00e9 \u2013 analyses quantitatives \u00bb, <em>Rapport interne des \u00c9tats g\u00e9n\u00e9raux de la recherche Universit\u00e9 Paris VIII<\/em>, 2007. <\/p>\n<p> \u00ab Approche sociologique des \u00e9critures carc\u00e9rales \u00bb, in Mireille Bossis, Lucia Bergamasco (dir.), <em>Archive \u00e9pistolaire et Histoire<\/em>, Paris, Connaissances et savoirs, 2007. <\/p>\n<p> \u00ab Faire un prisonnier, \u00e9crire pour survivre \u00bb, in Jean Bessi\u00e8re et Judith Ma\u00e0r, <em>L\u2019\u00e9criture emprisonn\u00e9e<\/em>, Paris, L&rsquo;harmattan, 2007.<\/p>\n","protected":false},"excerpt":{"rendered":"<p>ATER Annejulie.auvert@free.fr Laboratoire : Genre Travail et Mobilit\u00e9s Enseignements : Cat\u00e9gorisation de la France contemporaine, S1, mercredi 9h-12h Pr\u00e9sentation et analyse d\u2019une grande enqu\u00eate : Les ch\u00f4meurs de Marienthal, P. Lazarsfeld (Dir), S2, lundi 15h-18h Th\u00e8mes de recherche : * Sociologie des \u00e9critures et ethnologie des pratiques * Les cultures graphiques * Les usages des&hellip;<\/p>\n","protected":false},"author":1,"featured_media":0,"parent":102,"menu_order":0,"comment_status":"closed","ping_status":"closed","template":"","meta":{"footnotes":""},"class_list":["post-91","page","type-page","status-publish","hentry","description-off"],"_links":{"self":[{"href":"https:\/\/sociologie.univ-paris8.fr\/index.php?rest_route=\/wp\/v2\/pages\/91","targetHints":{"allow":["GET"]}}],"collection":[{"href":"https:\/\/sociologie.univ-paris8.fr\/index.php?rest_route=\/wp\/v2\/pages"}],"about":[{"href":"https:\/\/sociologie.univ-paris8.fr\/index.php?rest_route=\/wp\/v2\/types\/page"}],"author":[{"embeddable":true,"href":"https:\/\/sociologie.univ-paris8.fr\/index.php?rest_route=\/wp\/v2\/users\/1"}],"replies":[{"embeddable":true,"href":"https:\/\/sociologie.univ-paris8.fr\/index.php?rest_route=%2Fwp%2Fv2%2Fcomments&post=91"}],"version-history":[{"count":3,"href":"https:\/\/sociologie.univ-paris8.fr\/index.php?rest_route=\/wp\/v2\/pages\/91\/revisions"}],"predecessor-version":[{"id":1710,"href":"https:\/\/sociologie.univ-paris8.fr\/index.php?rest_route=\/wp\/v2\/pages\/91\/revisions\/1710"}],"up":[{"embeddable":true,"href":"https:\/\/sociologie.univ-paris8.fr\/index.php?rest_route=\/wp\/v2\/pages\/102"}],"wp:attachment":[{"href":"https:\/\/sociologie.univ-paris8.fr\/index.php?rest_route=%2Fwp%2Fv2%2Fmedia&parent=91"}],"curies":[{"name":"wp","href":"https:\/\/api.w.org\/{rel}","templated":true}]}}