{"id":7,"date":"2005-05-27T09:51:57","date_gmt":"2005-05-27T07:51:57","guid":{"rendered":"?page_id=7"},"modified":"2025-03-09T16:26:14","modified_gmt":"2025-03-09T14:26:14","slug":"cursus","status":"publish","type":"page","link":"https:\/\/sociologie.univ-paris8.fr\/?page_id=7","title":{"rendered":"Dipl\u00f4mes"},"content":{"rendered":"<p>Voici les cours propos\u00e9s au D\u00e9partement de Sociologie de l&rsquo;universit\u00e9 Paris 8. Des informations sur la licence, le master et la pr\u00e9paration au CAPES de sciences \u00e9conomiques et sociales sont disponibles ci-dessous.<\/p>\n","protected":false},"excerpt":{"rendered":"<p>Voici les cours propos\u00e9s au D\u00e9partement de Sociologie de l&rsquo;universit\u00e9 Paris 8. Des informations sur la licence, le master et la pr\u00e9paration au CAPES de sciences \u00e9conomiques et sociales sont disponibles ci-dessous.<\/p>\n","protected":false},"author":1,"featured_media":0,"parent":0,"menu_order":0,"comment_status":"closed","ping_status":"closed","template":"","meta":{"footnotes":""},"class_list":["post-7","page","type-page","status-publish","hentry","description-off"],"_links":{"self":[{"href":"https:\/\/sociologie.univ-paris8.fr\/index.php?rest_route=\/wp\/v2\/pages\/7","targetHints":{"allow":["GET"]}}],"collection":[{"href":"https:\/\/sociologie.univ-paris8.fr\/index.php?rest_route=\/wp\/v2\/pages"}],"about":[{"href":"https:\/\/sociologie.univ-paris8.fr\/index.php?rest_route=\/wp\/v2\/types\/page"}],"author":[{"embeddable":true,"href":"https:\/\/sociologie.univ-paris8.fr\/index.php?rest_route=\/wp\/v2\/users\/1"}],"replies":[{"embeddable":true,"href":"https:\/\/sociologie.univ-paris8.fr\/index.php?rest_route=%2Fwp%2Fv2%2Fcomments&post=7"}],"version-history":[{"count":2,"href":"https:\/\/sociologie.univ-paris8.fr\/index.php?rest_route=\/wp\/v2\/pages\/7\/revisions"}],"predecessor-version":[{"id":11423,"href":"https:\/\/sociologie.univ-paris8.fr\/index.php?rest_route=\/wp\/v2\/pages\/7\/revisions\/11423"}],"wp:attachment":[{"href":"https:\/\/sociologie.univ-paris8.fr\/index.php?rest_route=%2Fwp%2Fv2%2Fmedia&parent=7"}],"curies":[{"name":"wp","href":"https:\/\/api.w.org\/{rel}","templated":true}]}}