{"id":61,"date":"2005-06-14T18:29:47","date_gmt":"2005-06-14T16:29:47","guid":{"rendered":"?page_id=61"},"modified":"2006-09-27T14:08:42","modified_gmt":"2006-09-27T12:08:42","slug":"bonici","status":"publish","type":"page","link":"https:\/\/sociologie.univ-paris8.fr\/?page_id=61","title":{"rendered":"Bonici Marie"},"content":{"rendered":"<h3>ATER (Attach\u00e9e Temporaire d&rsquo;Enseignement et de Recherche) jusqu&rsquo;en 2006<\/h3>\n<p><img decoding=\"async\" class=\"alignright\" src=\"photo\/bonici.gif\" title=\"Marie Bonici, universit\u00e9 Paris VIII\"\/>Domaine de recherche : (sujet de th\u00e8se) les transformations sociales dans le couple \u00e0 la naissance du premier enfant &#8211; rapports sociaux de sexe et pratiques parentales, rattach\u00e9e au laboratoire GRASS-CNRS (Groupe de Recherche et d&rsquo;Analyse du Social et de la Sociabilit\u00e9)<\/p>\n<h3>Cours enseign\u00e9s<\/h3>\n<p>2004-2005 : \u00ab\u00a0Travail de terrain\u00a0\u00bb (L1 et L2)<\/p>\n<h3>Publications<\/h3>\n<p>(\u00e0 para\u00eetre) Marie Bonici : \u00ab\u00a0Rapports homme-femme et la naissance du premier enfant\u00a0\u00bb, publi\u00e9 dans le cadre de la journ\u00e9e d&rsquo;\u00e9tude \u00ab\u00a0Rapports hommes-femmes\u00a0\u00bb de l&rsquo;Ecole Doctorale \u00ab\u00a0Sciences Sociales\u00a0\u00bb de Paris 8<\/p>\n","protected":false},"excerpt":{"rendered":"<p>ATER (Attach\u00e9e Temporaire d&rsquo;Enseignement et de Recherche) jusqu&rsquo;en 2006 Domaine de recherche : (sujet de th\u00e8se) les transformations sociales dans le couple \u00e0 la naissance du premier enfant &#8211; rapports sociaux de sexe et pratiques parentales, rattach\u00e9e au laboratoire GRASS-CNRS (Groupe de Recherche et d&rsquo;Analyse du Social et de la Sociabilit\u00e9) Cours enseign\u00e9s 2004-2005 :&hellip;<\/p>\n","protected":false},"author":1,"featured_media":0,"parent":102,"menu_order":0,"comment_status":"closed","ping_status":"closed","template":"","meta":{"footnotes":""},"class_list":["post-61","page","type-page","status-publish","hentry","description-off"],"_links":{"self":[{"href":"https:\/\/sociologie.univ-paris8.fr\/index.php?rest_route=\/wp\/v2\/pages\/61","targetHints":{"allow":["GET"]}}],"collection":[{"href":"https:\/\/sociologie.univ-paris8.fr\/index.php?rest_route=\/wp\/v2\/pages"}],"about":[{"href":"https:\/\/sociologie.univ-paris8.fr\/index.php?rest_route=\/wp\/v2\/types\/page"}],"author":[{"embeddable":true,"href":"https:\/\/sociologie.univ-paris8.fr\/index.php?rest_route=\/wp\/v2\/users\/1"}],"replies":[{"embeddable":true,"href":"https:\/\/sociologie.univ-paris8.fr\/index.php?rest_route=%2Fwp%2Fv2%2Fcomments&post=61"}],"version-history":[{"count":0,"href":"https:\/\/sociologie.univ-paris8.fr\/index.php?rest_route=\/wp\/v2\/pages\/61\/revisions"}],"up":[{"embeddable":true,"href":"https:\/\/sociologie.univ-paris8.fr\/index.php?rest_route=\/wp\/v2\/pages\/102"}],"wp:attachment":[{"href":"https:\/\/sociologie.univ-paris8.fr\/index.php?rest_route=%2Fwp%2Fv2%2Fmedia&parent=61"}],"curies":[{"name":"wp","href":"https:\/\/api.w.org\/{rel}","templated":true}]}}