{"id":41,"date":"2005-05-27T10:25:55","date_gmt":"2005-05-27T08:25:55","guid":{"rendered":"?page_id=41"},"modified":"2006-10-07T13:13:44","modified_gmt":"2006-10-07T11:13:44","slug":"duquesnoy","status":"publish","type":"page","link":"https:\/\/sociologie.univ-paris8.fr\/?page_id=41","title":{"rendered":"Duquesnoy Gr\u00e9gory"},"content":{"rendered":"<h3>ATER (Attach\u00e9 temporaire d&rsquo;enseignement et de recherche) jusqu&rsquo;en 2006<\/h3>\n<p><img decoding=\"async\" src=\"photo\/duquesnoy.jpg\" class=\"alignright\" title=\"Gr\u00e9gory Duquesnoy, universit\u00e9 Paris 8\"\/><br \/>\nTh\u00e8mes de recherche : Les trajectoires sociales et m\u00e9dicales du patient alcoolique : Les \u00e9tapes de la recomposition de soi (th\u00e8se sous la direction de Jean-Fran\u00e7ois La\u00e9)<\/p>\n<h3>Travaux<\/h3>\n<p>&#8211; Monographie d\u2019un centre de cure ambulatoire en alcoologie (recherche financ\u00e9e et publi\u00e9e par l\u2019Institut de Recherche sur les Boissons : <em>cahiers de l\u2019Ireb<\/em> n\u00b016.)<br \/>\n&#8211; Recherche en cours pour la Mission Interminist\u00e9rielle pour la Lutte contre la drogue et les Toxicomanies MILDT \u2013 INSERM &#8211; \u00ab Trop boire : des sociabilit\u00e9s aux audiences correctionnelles \u00bb &#8211; Travail r\u00e9alis\u00e9 sous la direction de Jean-Fran\u00e7ois La\u00e9.<br \/>\n&#8211; Recherche en cours pour le Conseil G\u00e9n\u00e9ral des Hauts-de-Seine \u00ab RMI et Sant\u00e9 (addictions) \u00bb<\/p>\n","protected":false},"excerpt":{"rendered":"<p>ATER (Attach\u00e9 temporaire d&rsquo;enseignement et de recherche) jusqu&rsquo;en 2006 Th\u00e8mes de recherche : Les trajectoires sociales et m\u00e9dicales du patient alcoolique : Les \u00e9tapes de la recomposition de soi (th\u00e8se sous la direction de Jean-Fran\u00e7ois La\u00e9) Travaux &#8211; Monographie d\u2019un centre de cure ambulatoire en alcoologie (recherche financ\u00e9e et publi\u00e9e par l\u2019Institut de Recherche sur&hellip;<\/p>\n","protected":false},"author":1,"featured_media":0,"parent":102,"menu_order":0,"comment_status":"closed","ping_status":"closed","template":"","meta":{"footnotes":""},"class_list":["post-41","page","type-page","status-publish","hentry","description-off"],"_links":{"self":[{"href":"https:\/\/sociologie.univ-paris8.fr\/index.php?rest_route=\/wp\/v2\/pages\/41","targetHints":{"allow":["GET"]}}],"collection":[{"href":"https:\/\/sociologie.univ-paris8.fr\/index.php?rest_route=\/wp\/v2\/pages"}],"about":[{"href":"https:\/\/sociologie.univ-paris8.fr\/index.php?rest_route=\/wp\/v2\/types\/page"}],"author":[{"embeddable":true,"href":"https:\/\/sociologie.univ-paris8.fr\/index.php?rest_route=\/wp\/v2\/users\/1"}],"replies":[{"embeddable":true,"href":"https:\/\/sociologie.univ-paris8.fr\/index.php?rest_route=%2Fwp%2Fv2%2Fcomments&post=41"}],"version-history":[{"count":0,"href":"https:\/\/sociologie.univ-paris8.fr\/index.php?rest_route=\/wp\/v2\/pages\/41\/revisions"}],"up":[{"embeddable":true,"href":"https:\/\/sociologie.univ-paris8.fr\/index.php?rest_route=\/wp\/v2\/pages\/102"}],"wp:attachment":[{"href":"https:\/\/sociologie.univ-paris8.fr\/index.php?rest_route=%2Fwp%2Fv2%2Fmedia&parent=41"}],"curies":[{"name":"wp","href":"https:\/\/api.w.org\/{rel}","templated":true}]}}