{"id":39,"date":"2005-05-27T10:25:13","date_gmt":"2005-05-27T08:25:13","guid":{"rendered":"?page_id=39"},"modified":"2013-08-01T08:43:00","modified_gmt":"2013-08-01T06:43:00","slug":"diener","status":"publish","type":"page","link":"https:\/\/sociologie.univ-paris8.fr\/?page_id=39","title":{"rendered":"Diener Ingolf"},"content":{"rendered":"<h3><img decoding=\"async\" src=\"photo\/diener.jpg\" title=\"Ingolf Diener, universit\u00e9 Paris 8\" class=\"alignright\"\/>Ma\u00eetre de conf\u00e9rences<\/h3>\n<p>Th\u00e8mes de recherche : Anthropologie de l&rsquo;Afrique australe.<\/p>\n<h3>Parmi ses publications<\/h3>\n<p>Diener, Ingolf, avec Claude Meillassoux,  <em>Namibie, une histoire un devenir<\/em>, Paris, Karthala, 2000<\/p>\n<p>Diener, Ingolf, avec Olivier Graefe, <em>La namibie contemporaine:premiers jalons societe post-apartheid<\/em>, Paris, Karthala, 1999 [traduit en anglais : <em>Contemporary Namibia. First Landmarks of A Post-Apartheid Society<\/em>, Gamsberg Macmillan Publishers \/ IFRA, Windhoek 2001]<\/p>\n<p>Diener, Ingolf <i>et alii<\/i>. <a href=\"?p=2286\">Sur la piste des alternatifs<\/a>, Paris, Editions interculturelles, 1987 [<a href=\"?p=2286\">version \u00e9lectronique<\/a>]<\/p>\n<p>Diener, Ingolf, avec Eckhard Supp, <em>Ils vivent autrement : l&rsquo;Allemagne alternative<\/em>, Paris : Stock, 1982<\/p>\n<p><em>\u00c0 l&rsquo;Est du nouveau<\/em> [Colloque organis\u00e9 par le Comit\u00e9 Bahro, Paris, mai 1979] ; rassembl\u00e9 par Jeanne Brunschwig, Sabine Cornille, Ingolf Diener, Philippe Iverel, Paris : \u00c9ditions Syros, 1980<\/p>\n<h3>Radio<\/h3>\n<p><a href=\"fichiers\/diener-decryptage-20080904.mp3\">Interview de Ingolf Diener<\/a>, \u00e9mission <i>D\u00e9cryptage<\/i> sur RFI, le 4 septembre 2008 :  Focus pays : le Swaziland<br \/>\n<a href=\"fichiers\/diener-decryptage-20081029.mp3\">Interview de Ingolf Diener<\/a>, \u00e9mission <i>D\u00e9cryptage<\/i> sur RFI, le 29 octobre 2008 : Les \u00e9lections pr\u00e9sidentielles en Zambie<\/p>\n","protected":false},"excerpt":{"rendered":"<p>Ma\u00eetre de conf\u00e9rences Th\u00e8mes de recherche : Anthropologie de l&rsquo;Afrique australe. Parmi ses publications Diener, Ingolf, avec Claude Meillassoux, Namibie, une histoire un devenir, Paris, Karthala, 2000 Diener, Ingolf, avec Olivier Graefe, La namibie contemporaine:premiers jalons societe post-apartheid, Paris, Karthala, 1999 [traduit en anglais : Contemporary Namibia. First Landmarks of A Post-Apartheid Society, Gamsberg Macmillan&hellip;<\/p>\n","protected":false},"author":1,"featured_media":0,"parent":102,"menu_order":0,"comment_status":"closed","ping_status":"closed","template":"","meta":{"footnotes":""},"class_list":["post-39","page","type-page","status-publish","hentry","description-off"],"_links":{"self":[{"href":"https:\/\/sociologie.univ-paris8.fr\/index.php?rest_route=\/wp\/v2\/pages\/39","targetHints":{"allow":["GET"]}}],"collection":[{"href":"https:\/\/sociologie.univ-paris8.fr\/index.php?rest_route=\/wp\/v2\/pages"}],"about":[{"href":"https:\/\/sociologie.univ-paris8.fr\/index.php?rest_route=\/wp\/v2\/types\/page"}],"author":[{"embeddable":true,"href":"https:\/\/sociologie.univ-paris8.fr\/index.php?rest_route=\/wp\/v2\/users\/1"}],"replies":[{"embeddable":true,"href":"https:\/\/sociologie.univ-paris8.fr\/index.php?rest_route=%2Fwp%2Fv2%2Fcomments&post=39"}],"version-history":[{"count":6,"href":"https:\/\/sociologie.univ-paris8.fr\/index.php?rest_route=\/wp\/v2\/pages\/39\/revisions"}],"predecessor-version":[{"id":5786,"href":"https:\/\/sociologie.univ-paris8.fr\/index.php?rest_route=\/wp\/v2\/pages\/39\/revisions\/5786"}],"up":[{"embeddable":true,"href":"https:\/\/sociologie.univ-paris8.fr\/index.php?rest_route=\/wp\/v2\/pages\/102"}],"wp:attachment":[{"href":"https:\/\/sociologie.univ-paris8.fr\/index.php?rest_route=%2Fwp%2Fv2%2Fmedia&parent=39"}],"curies":[{"name":"wp","href":"https:\/\/api.w.org\/{rel}","templated":true}]}}