{"id":36,"date":"2005-05-27T10:24:03","date_gmt":"2005-05-27T08:24:03","guid":{"rendered":"?page_id=36"},"modified":"2016-11-02T14:36:05","modified_gmt":"2016-11-02T12:36:05","slug":"terrolle","status":"publish","type":"page","link":"https:\/\/sociologie.univ-paris8.fr\/?page_id=36","title":{"rendered":"Terrolle Daniel"},"content":{"rendered":"<h3><img decoding=\"async\" class=\"alignright\" src=\"photo\/terrolle.jpg\" title=\"Daniel Terrolle, universite Paris 8\"\/>Ma\u00eetre de conf\u00e9rences<\/h3>\n<p>Les recherches de Daniel Terrolle, anthropologue, portent, depuis 1990, sur les sans-abri et, plus r\u00e9cemment, sur le \u00ab march\u00e9 de la pauvret\u00e9 \u00bb qui prosp\u00e8re sous couvert de venir en aide aux plus d\u00e9munis. Membre du Laboratoire d&rsquo;anthropologie urbaine du CNRS jusqu&rsquo;en juin 2011, il est maintenant membre du LAVUE-AUS (UMR CNRS 7218)<\/p>\n<h3>S\u00e9minaires<\/h3>\n<p> <img decoding=\"async\" src=\"wp-content\/uploads\/2012\/01\/couv_2738.jpg\" class=\"alignright\"\/><br \/>\n<a href='wp-content\/uploads\/2005\/05\/zones-frontieres2011-programme.pdf'>programme du s\u00e9minaire \u00ab\u00a0zones fronti\u00e8res\u00a0\u00bb, 2011<\/a> (pdf)<\/p>\n<p><a href='http:\/\/calenda.revues.org\/nouvelle15223.html'>2010 : Zones fronti\u00e8res : discours et m\u00e9thodes. Repenser la recherche sur la pauvret\u00e9<\/a><\/p>\n<p><a href='wp-content\/uploads\/2008\/02\/2008-terrolle-seminaire.pdf' title='D\u00e9couvrir l\u2019impossible sur la pauvret\u00e9, s\u00e9minaire, programme de l\u2019ann\u00e9e 2008'>D\u00e9couvrir l\u2019impossible sur la pauvret\u00e9, s\u00e9minaire, programme de l\u2019ann\u00e9e 2008 (PDF)<\/a><\/p>\n<div style=\"clear:both;\"><\/div>\n<h3><img decoding=\"async\" src=\"wp-content\/uploads\/2010\/09\/couv_2325.jpg\" class=\"alignright\"\/>Publications r\u00e9centes<\/h3>\n<p>&#8211; 2016, \u00ab\u00a0<a href=\"fichiers\/terrolle2016b.pdf\">De l\u2019usage des SDF<\/a>, <em>Mouvements<\/em>, n\u00b087, \u00ab\u00a0O\u00f9 va l&rsquo;Homo detritus ?\u00a0\u00bb, La D\u00e9couverte, 2016<\/p>\n<p>&#8211; 2016, \u00ab\u00a0<a href=\"fichiers\/terrolle2016a.pdf\">Zones d&rsquo;ombres et de lumi\u00e8res : de la transmutation du d\u00e9chet au recyclage social<\/a>\u00ab\u00a0, <em>Les Carnets du Paysage<\/em>, n\u00b029, pp.64-81.<\/p>\n<p>&#8211; 2015, \u00ab\u00a0<a href=\"fichiers\/terrolle2015a.pdf\">Sans s\u00e9pulture fixe<\/a>\u00ab\u00a0, <em>L&rsquo;esprit des villes<\/em>, n\u00b02, pp.45-47.<\/p>\n<p>&#8211; 2012 Yann BENOIST, Daniel TERROLLE, \u00ab <a href=\"fichiers\/terrolle2012a.pdf\">Biom\u00e9decine, grande pauvret\u00e9 et domination sociale. Job et les v\u00e9t\u00e9rinaires  [PDF]<\/a>\u00bb, Illusio, n\u00b08-9, \u00ab\u00a0Corps, m\u00e9decine, sant\u00e9\u00a0\u00bb, 199-217.<\/p>\n<p>&#8211; 2012, G.Teissonni\u00e8res, D. Terrolle, (dir.), <a href=\"http:\/\/atheles.org\/editionsducroquant\/horscollection\/alacroiseedeschemins\/index.html\">A la crois\u00e9e des chemins. Contributions et r\u00e9flexions en anthropologie urbaine<\/a>, Edit. du Croquant<\/p>\n<p>&#8211; 2010, \u00ab\u00a0<a href=\"fichiers\/terrolle2010.pdf\">Recyclages<\/a>\u00ab\u00a0, <em>Etudes sur la mort<\/em>, Edit. Le temps pr\u00e9sent, n\u00b0137, 95-101 [<a href=\"fichiers\/terrolle2010.pdf\">article au format PDF<\/a><\/p>\n<p>-2010, avec Patrick Bruneteaux, <em>L\u2019arri\u00e8re-cour de la mondialisation. Ethnographie des paup\u00e9ris\u00e9s.<\/em> Paris. Les \u00e9ditions du Croquant. [<a href=\"?p=2956\">informations<\/a>]<\/p>\n<p>Patrick Gaboriau et Daniel Terrolle, <em><a href=\"http:\/\/www.amazon.fr\/SDF-Critique-pr\u00eat-\u00e0-penser-Patrick-Gaboriau\/dp\/2708944320\">SDF, critique du pr\u00eat \u00e0 penser<\/a><\/em>, Toulouse, Privat, 2007. (Prix \u00ab\u00a0Bigot de Morogues\u00a0\u00bb 2008 de l&rsquo;Acad\u00e9mie des sciences morales et politiques)<\/p>\n<p><img decoding=\"async\" src=\"fichiers\/couvertures\/terrollesdfpretapenser.jpg\" class=\"alignright\" title=\"Terrolle Gaboriau SDF critique pret a penser\"\/>Patrick Gaboriau &#038; Daniel Terrolle (dir.) <em><a href=\"http:\/\/www.amazon.fr\/exec\/obidos\/redirect?tag=-%26link_code=xm2%26camp=2025%26creative=165953%26path=http:\/\/www.amazon.fr\/gp\/redirect.html%253fASIN=2747546454%2526tag=-%2526lcode=xm2%2526cID=2025%2526ccmID=165953%2526location=\/o\/ASIN\/2747546454%25253FSubscriptionId=-\">Ethnologie des sans logis. \u00c9tude d\u2019une forme de domination sociale<\/a><\/em>, 2003, Paris, L\u2019Harmattan (Logiques sociales &#8211; Documents), 210 p. &#8212; <a href=\"http:\/\/books.google.com\/books?vid=ISBN2747546454\">pr\u00e9sentation et extraits sur googlebooks<\/a><\/p>\n<p>&#8211; 2008, (avec Carole Amistani), <a href=\"http:\/\/aof.revues.org\/document4952.html\">L\u2019alimentation des sans-abri, Entre autonomie et d\u00e9pendance<\/a>, <i>Anthropology of Food<\/i>, 2008<\/p>\n<p>&#8211; 2008,  (avec Patrick Bruneteaux), \u00ab <a href=\"http:\/\/www.cairn.info\/revue-regards-croises-sur-l-economie-2008-2-p-223.htm\">La lutte contre la \u00ab\u00a0grande pauvret\u00e9\u00a0\u00bb : un march\u00e9?<\/a> \u00bb, <i>Regards crois\u00e9s sur l&rsquo;\u00e9conomie<\/i>, La D\u00e9couverte, 2008\/2, n\u00b04 : 223-233. [<a href=\"http:\/\/www.cairn.info\/revue-regards-croises-sur-l-economie-2008-2-p-223.htm\">disponible sur cairn.info<\/a>]<\/p>\n<p>&#8211; 2006  \u00ab\u00a0G\u00e9rer les pauvres\u00a0\u00bb, <em>TSANTSA, Revue de la Soci\u00e9t\u00e9 Suisse d&rsquo;Ethnologie<\/em>, Lausanne, 2006, n\u00b011: 13-22<\/p>\n<p>&#8211; 2005 \u00a0\u00ab\u00a0Sans-logis : une mort rendue invisible\u00a0\u00bb, D. Ballet (sous la dir.), <em>Les S.D.F.. Visibles, proches, citoyens<\/em>, P.U.F. : \u00a0157-165<\/p>\n<p>&#8211; 2005, \u00ab\u00a0<a href=\"fichiers\/terrolle2005a.pdf\">Du mirage de l&rsquo;urgence sociale \u00e0 la r\u00e9alit\u00e9 anthropologique du terrain. Un bilan de recherches sur les sans-abri sur plus d&rsquo;une d\u00e9cennie [PDF]<\/a>\u00ab\u00a0, <em>Les Cahiers de l&rsquo;Actif<\/em>, La Grande Motte, janv-f\u00e9v., n\u00b0344-345,  p. 21-37 <\/p>\n<p>&#8211; 2004 Daniel Terrolle \u00ab <a href=\"http:\/\/www.cairn.info\/revue-espaces-et-societes-2004-1-page-143.htm\">La ville dissuasive : l\u2019envers de la solidarit\u00e9 avec les SDF<\/a> \u00bb , <em>Espaces et soci\u00e9t\u00e9s<\/em>, (Habiter sans logis), 2004 Num\u00e9ro 116-117, p.143-157 [<a href=\"http:\/\/www.cairn.info\/load_pdf.php?ID_ARTICLE=ESP_116_0143\">\u00ab\u00a0la ville dissuasive&#8230;\u00a0\u00bb en PDF<\/a>]<\/p>\n<p>&#8211; 2003 \u00ab La mort comme seule r\u00e9insertion \u00bb , P. Gaboriau, D.Terrolle (sous la dir.), <em>Ethnologie des sans logis<\/em>, L\u2019Harmattan, 181-202<\/p>\n<p>&#8211; 2002 \u00ab <a href=\"http:\/\/www.cairn.info\/load_pdf.php?ID_ARTICLE=ESLM_122_0055\">La mort des SDF \u00e0 Paris : un r\u00e9v\u00e9lateur social implacable [PDF]<\/a> \u00bb, <em>Etudes sur la mort<\/em>, L\u2019Esprit du temps, n\u00b0122, 55-68 [<a href=\"http:\/\/www.cairn.info\/revue-etudes-sur-la-mort-2002-2-page-55.htm\">version html<\/a>]<\/p>\n<p>&#8211; 1999 \u00ab <a href=\"fichiers\/terrolle1999a.pdf\">Priv\u00e9 de deuil<\/a> \u00bb [PDF], <em>Le nouveau Mascaret<\/em>, n\u00b055, pp. 26-32<\/p>\n<p>&#8211; 1999 \u00ab <a href=\"http:\/\/halshs.archives-ouvertes.fr\/halshs-00288160\/en\/\">Une recherche sous influence<\/a> \u00bb, <em>Journal des anthropologues<\/em>, 79, 149-154 [<a href=\"http:\/\/halshs.archives-ouvertes.fr\/halshs-00288160\/en\/\">Une recherche&#8230; disponible sur HAL-SHS<\/a>]<\/p>\n<p>&#8211; 1999 \u00ab Bi\u00e8re et mise en bi\u00e8re : un point de vue ethnologique sur la mort des SDF \u00bb, <em>Sciences sociales et Sant\u00e9<\/em>, 17-2, 9-14<\/p>\n<p>&#8211; 1995 \u00ab <a href=\"fichiers\/terrolle1995a.pdf\">La liminarit\u00e9 des SDF. Rites de s\u00e9gr\u00e9gation et proc\u00e9dure sacrificielle [PDF] <\/a> \u00bb, <em>Le Nouveau Mascaret<\/em>, n\u00b036, pp.9-14<\/p>\n<p>&#8211; 1993  \u00ab \u2018Entre-Deux\u2019 \u00bb, <em>Ferveurs contemporaines. Textes d&rsquo;anthropologie urbaine offerts \u00e0 Jacques Gutwirth<\/em>, r\u00e9unis par Colette P\u00e9tonnet et Yves Delaporte, Paris, L&rsquo;Harmattan (collection Connaissance des Hommes), 1993, pp. 243-259 [lien vers <a href=\"http:\/\/halshs.ccsd.cnrs.fr\/docs\/00\/03\/53\/85\/PDF\/Terrolle_1993_Ferveurs.pdf\">Ferveurs contemporaines [PDF]<\/a>]<\/p>\n<p>&#8211; 1983 <em><a href=\"http:\/\/www.puv-editions.fr\/fiche.php?rech=collections&#038;collection_id=22&#038;ouvrage_id=123\">Travaux d&rsquo;ethnographie urbaine (1978-1980)<\/a><\/em>, pr\u00e9sent\u00e9s par Daniel Terrolle, Saint-Denis : Presses universitaires de Vincennes<\/p>\n<p><a href=\"http:\/\/halshs.archives-ouvertes.fr\/aut\/Daniel+Terrolle\/\">De nombreux textes en ligne de Daniel Terrolle sont disponibles sur HAL-SHS<\/a> (d\u00e9p\u00f4t d&rsquo;archives en ligne)<\/p>\n<p><b>Radio<\/b><br \/>\nEmission \u00ab\u00a0La Fabrique de l&rsquo;histoire\u00a0\u00bb, <i>France Culture<\/i>, 6 mai 2009<br \/>\nInterview dans l&rsquo;\u00e9mission \u00ab\u00a0Le magazine de la r\u00e9daction\u00a0\u00bb, <i>France Culture<\/i>, 15 novembre 2008<br \/>\n<a href=\"fichiers\/terrolle-microscopie_1_20071027.mp3\">Daniel Terrolle dans <i>Microscopie<\/i> (RFI), premi\u00e8re partie<\/a> au format MP3 (27 octobre 2007)<br \/>\n<a href=\"fichiers\/terrolle-microscopie_2_20071027.mp3\">Daniel Terrolle dans <i>Microscopie<\/i> (RFI), deuxi\u00e8me partie<\/a> au format MP3 (27 octobre 2007)<\/p>\n","protected":false},"excerpt":{"rendered":"<p>Ma\u00eetre de conf\u00e9rences Les recherches de Daniel Terrolle, anthropologue, portent, depuis 1990, sur les sans-abri et, plus r\u00e9cemment, sur le \u00ab march\u00e9 de la pauvret\u00e9 \u00bb qui prosp\u00e8re sous couvert de venir en aide aux plus d\u00e9munis. Membre du Laboratoire d&rsquo;anthropologie urbaine du CNRS jusqu&rsquo;en juin 2011, il est maintenant membre du LAVUE-AUS (UMR CNRS&hellip;<\/p>\n","protected":false},"author":1,"featured_media":0,"parent":102,"menu_order":0,"comment_status":"closed","ping_status":"closed","template":"","meta":{"footnotes":""},"class_list":["post-36","page","type-page","status-publish","hentry","description-off"],"_links":{"self":[{"href":"https:\/\/sociologie.univ-paris8.fr\/index.php?rest_route=\/wp\/v2\/pages\/36","targetHints":{"allow":["GET"]}}],"collection":[{"href":"https:\/\/sociologie.univ-paris8.fr\/index.php?rest_route=\/wp\/v2\/pages"}],"about":[{"href":"https:\/\/sociologie.univ-paris8.fr\/index.php?rest_route=\/wp\/v2\/types\/page"}],"author":[{"embeddable":true,"href":"https:\/\/sociologie.univ-paris8.fr\/index.php?rest_route=\/wp\/v2\/users\/1"}],"replies":[{"embeddable":true,"href":"https:\/\/sociologie.univ-paris8.fr\/index.php?rest_route=%2Fwp%2Fv2%2Fcomments&post=36"}],"version-history":[{"count":25,"href":"https:\/\/sociologie.univ-paris8.fr\/index.php?rest_route=\/wp\/v2\/pages\/36\/revisions"}],"predecessor-version":[{"id":7543,"href":"https:\/\/sociologie.univ-paris8.fr\/index.php?rest_route=\/wp\/v2\/pages\/36\/revisions\/7543"}],"up":[{"embeddable":true,"href":"https:\/\/sociologie.univ-paris8.fr\/index.php?rest_route=\/wp\/v2\/pages\/102"}],"wp:attachment":[{"href":"https:\/\/sociologie.univ-paris8.fr\/index.php?rest_route=%2Fwp%2Fv2%2Fmedia&parent=36"}],"curies":[{"name":"wp","href":"https:\/\/api.w.org\/{rel}","templated":true}]}}