{"id":27,"date":"2005-05-27T10:20:58","date_gmt":"2005-05-27T08:20:58","guid":{"rendered":"?page_id=27"},"modified":"2008-06-25T15:25:02","modified_gmt":"2008-06-25T13:25:02","slug":"henaut","status":"publish","type":"page","link":"https:\/\/sociologie.univ-paris8.fr\/?page_id=27","title":{"rendered":"H\u00e9naut L\u00e9onie"},"content":{"rendered":"<h3>ATER, jusqu&rsquo;en 2007<\/h3>\n<p><img decoding=\"async\" class=\"alignright\" src=\"photo\/henaut.jpg\" title=\"Leonie Henaut, Paris 8\"\/>Th\u00e8mes de recherche: Sociologie du travail et des groupes professionnels, sociologie de l&rsquo;art et de la culture. Laboratoire <a href=\"http:\/\/www.gtm.cnrs-bellevue.fr\/\">GTM (Genre, travail, mobilit\u00e9)<\/a>.<\/p>\n<h3>Publications<\/h3>\n<p>L. HENAUT (2008), \u00ab\u00a0Mont\u00e9e en qualification et perte de contr\u00f4le. Les restaurateurs de tableaux et leurs documents de travail\u00a0\u00bb, in A.-M. ARBORIO, Y. COHEN, P. FOURNIER, N. HATZFELD, C. LOMBA et S. MULLER (dir.), <i>Observer le travail. Histoire, ethnographie, approches combin\u00e9es<\/i>, Paris, La D\u00e9couverte, Recherches.<\/p>\n<p>L. H\u00e9naut, \u00ab <a href=\"http:\/\/www.cairn.be\/resume.php?ID_REVUE=SOCO&#038;ID_NUMPUBLIE=SOCO_066&#038;ID_ARTICLE=SOCO_066_0079\">Polym\u00e8res et vieilles dentelles. La restauration et la conservation dans un mus\u00e9e de costumes<\/a> \u00bb, <i>Soci\u00e9t\u00e9s contemporaines<\/i>, n\u00b0 66, Paris, Presses de Sciences-Po, 2007, p.79-99 <\/p>\n<p>L. H\u00e9naut, \u00ab Ce que les controverses nous apprennent sur l&rsquo;activit\u00e9 de restauration des peintures au mus\u00e9e du Louvre \u00bb, <i>Sociologie des arts, sociologie des sciences, Actes du colloque international du GdR OpuS, Universit\u00e9 Toulouse-le-Mirail, novembre 2004<\/i>, Paris, L&rsquo;Harmattan, 2007<\/p>\n<p>L. H\u00e9naut, \u00ab La restauration des tableaux du mus\u00e9e du Louvre : un cas de confrontation entre experts et usagers pr\u00e9tendant \u00e0 l&rsquo;expertise \u00bb, <i>L&rsquo;expertise dans tous ses \u00e9tats, Actes des Rencontres Internationales des Jeunes Chercheurs, Universit\u00e9 Paul Verlaine, Metz, juin 2005<\/i>, Paris, L&rsquo;Harmattan, 2006<\/p>\n<p>L. H\u00e9naut, \u00ab La transformation du m\u00e9tier de restaurateur des \u0153uvres d&rsquo;art : enqu\u00eate dans un mus\u00e9e de costumes \u00bb, <i>Travaux et documents : \u00ab\u00a0M\u00e9tiers et transformations du travail. Approches interdisciplinaires\u00a0\u00bb<\/i>, R\u00e9gine Bercot (dir.), Saint-Denis, Presses Universitaires Paris 8-Vincennes-Saint-Denis, n\u00b0 28, 2005<\/p>\n<h3>Communications<\/h3>\n<p>&#8211; \u00ab\u00a0<a href=\"fichiers\/henaut-2004.pdf\">Nouvelles conventions et dynamique professionnelle : la transformation du m\u00e9tier de restaurateur dans un mus\u00e9e de costumes<\/a>\u00ab\u00a0, Congr\u00e8s \u00ab Savoirs, travail et organisation \u00bb, Universit\u00e9 de Versailles-Saint-Quentin-en-Yvelines, 22-24 septembre 2004<\/p>\n","protected":false},"excerpt":{"rendered":"<p>ATER, jusqu&rsquo;en 2007 Th\u00e8mes de recherche: Sociologie du travail et des groupes professionnels, sociologie de l&rsquo;art et de la culture. Laboratoire GTM (Genre, travail, mobilit\u00e9). Publications L. HENAUT (2008), \u00ab\u00a0Mont\u00e9e en qualification et perte de contr\u00f4le. Les restaurateurs de tableaux et leurs documents de travail\u00a0\u00bb, in A.-M. ARBORIO, Y. COHEN, P. FOURNIER, N. HATZFELD, C.&hellip;<\/p>\n","protected":false},"author":1,"featured_media":0,"parent":102,"menu_order":0,"comment_status":"closed","ping_status":"closed","template":"","meta":{"footnotes":""},"class_list":["post-27","page","type-page","status-publish","hentry","description-off"],"_links":{"self":[{"href":"https:\/\/sociologie.univ-paris8.fr\/index.php?rest_route=\/wp\/v2\/pages\/27","targetHints":{"allow":["GET"]}}],"collection":[{"href":"https:\/\/sociologie.univ-paris8.fr\/index.php?rest_route=\/wp\/v2\/pages"}],"about":[{"href":"https:\/\/sociologie.univ-paris8.fr\/index.php?rest_route=\/wp\/v2\/types\/page"}],"author":[{"embeddable":true,"href":"https:\/\/sociologie.univ-paris8.fr\/index.php?rest_route=\/wp\/v2\/users\/1"}],"replies":[{"embeddable":true,"href":"https:\/\/sociologie.univ-paris8.fr\/index.php?rest_route=%2Fwp%2Fv2%2Fcomments&post=27"}],"version-history":[{"count":0,"href":"https:\/\/sociologie.univ-paris8.fr\/index.php?rest_route=\/wp\/v2\/pages\/27\/revisions"}],"up":[{"embeddable":true,"href":"https:\/\/sociologie.univ-paris8.fr\/index.php?rest_route=\/wp\/v2\/pages\/102"}],"wp:attachment":[{"href":"https:\/\/sociologie.univ-paris8.fr\/index.php?rest_route=%2Fwp%2Fv2%2Fmedia&parent=27"}],"curies":[{"name":"wp","href":"https:\/\/api.w.org\/{rel}","templated":true}]}}