{"id":2317,"date":"2010-09-23T11:02:50","date_gmt":"2010-09-23T09:02:50","guid":{"rendered":"?page_id=2317"},"modified":"2012-06-08T09:46:41","modified_gmt":"2012-06-08T07:46:41","slug":"barron-pierre","status":"publish","type":"page","link":"https:\/\/sociologie.univ-paris8.fr\/?page_id=2317","title":{"rendered":"Barron Pierre"},"content":{"rendered":"<h3>Charg\u00e9 de cours<\/h3>\n<p>Mail : pierre.barron@laposte.net<\/p>\n<p>Pierre Barron est sociologue, il travaille principalement comme expert sur les questions de sant\u00e9 au travail en temps qu&rsquo;expert aupr\u00e8s des CHSCT.<br \/>\nParall\u00e8lement il poursuit une activit\u00e9 de recherche autour du rapport entre immigration et travail.<\/p>\n<h3>Publications r\u00e9centes<\/h3>\n<p>Avec ASPLAN (collectif de recherche constitu\u00e9 avec S\u00e9bastien Chauvin, Anne Bory, Lucie Tourette et Nicolas Jounin),<br \/>\n&#8211;  \u00ab L&rsquo;int\u00e9rim en gr\u00e8ve: la mobilisation des travailleurs sans papiers int\u00e9rimaires \u00bb, <em>Savoir\/Agir<\/em>, n\u00b012, dossier \u00ab\u00a0Luttes au travail\u00a0\u00bb coordonn\u00e9 par Annie Collovald, Nathalie Ethuin et Laurent Willemez, juin 2010.<br \/>\n&#8211; \u00ab Travailleurs sans-papiers : la pr\u00e9carit\u00e9 interdite \u00bb, <em>Les mondes du travail<\/em>, n\u00b07, printemps 2009<\/p>\n<p>Travailler dans la s\u00e9curit\u00e9 priv\u00e9e, revue <em>Chantiers Politiques<\/em>, n\u00b05, 2007 Quelles s\u00e9curit\u00e9s ?<\/p>\n<p>Avec Michel Kokoreff et Odile Steinauer,  Les \u00e9meutes urbaines \u00e0 l\u2019\u00e9preuve des situations locales , revue <em>SociologieS<\/em>, Enqu\u00eater \u00e0 chaud, 2007<\/p>\n<p>Avec Michel Kokoreff. <em>Enqu\u00eates sur les violences urbaines &#8211; Comprendre les \u00e9meutes de novembre 2005. Les exemples d&rsquo;Aulnay-sous-Bois et de Saint-Denis<\/em>, Ed. de La documentation fran\u00e7aise, 2006<\/p>\n","protected":false},"excerpt":{"rendered":"<p>Charg\u00e9 de cours Mail : pierre.barron@laposte.net Pierre Barron est sociologue, il travaille principalement comme expert sur les questions de sant\u00e9 au travail en temps qu&rsquo;expert aupr\u00e8s des CHSCT. Parall\u00e8lement il poursuit une activit\u00e9 de recherche autour du rapport entre immigration et travail. Publications r\u00e9centes Avec ASPLAN (collectif de recherche constitu\u00e9 avec S\u00e9bastien Chauvin, Anne Bory,&hellip;<\/p>\n","protected":false},"author":1,"featured_media":0,"parent":102,"menu_order":0,"comment_status":"closed","ping_status":"closed","template":"","meta":{"footnotes":""},"class_list":["post-2317","page","type-page","status-publish","hentry","description-off"],"_links":{"self":[{"href":"https:\/\/sociologie.univ-paris8.fr\/index.php?rest_route=\/wp\/v2\/pages\/2317","targetHints":{"allow":["GET"]}}],"collection":[{"href":"https:\/\/sociologie.univ-paris8.fr\/index.php?rest_route=\/wp\/v2\/pages"}],"about":[{"href":"https:\/\/sociologie.univ-paris8.fr\/index.php?rest_route=\/wp\/v2\/types\/page"}],"author":[{"embeddable":true,"href":"https:\/\/sociologie.univ-paris8.fr\/index.php?rest_route=\/wp\/v2\/users\/1"}],"replies":[{"embeddable":true,"href":"https:\/\/sociologie.univ-paris8.fr\/index.php?rest_route=%2Fwp%2Fv2%2Fcomments&post=2317"}],"version-history":[{"count":4,"href":"https:\/\/sociologie.univ-paris8.fr\/index.php?rest_route=\/wp\/v2\/pages\/2317\/revisions"}],"predecessor-version":[{"id":4762,"href":"https:\/\/sociologie.univ-paris8.fr\/index.php?rest_route=\/wp\/v2\/pages\/2317\/revisions\/4762"}],"up":[{"embeddable":true,"href":"https:\/\/sociologie.univ-paris8.fr\/index.php?rest_route=\/wp\/v2\/pages\/102"}],"wp:attachment":[{"href":"https:\/\/sociologie.univ-paris8.fr\/index.php?rest_route=%2Fwp%2Fv2%2Fmedia&parent=2317"}],"curies":[{"name":"wp","href":"https:\/\/api.w.org\/{rel}","templated":true}]}}