{"id":1786,"date":"2009-07-06T16:16:41","date_gmt":"2009-07-06T14:16:41","guid":{"rendered":"?page_id=1786"},"modified":"2018-09-10T19:41:19","modified_gmt":"2018-09-10T17:41:19","slug":"peugny-camille","status":"publish","type":"page","link":"https:\/\/sociologie.univ-paris8.fr\/?page_id=1786","title":{"rendered":"Peugny Camille"},"content":{"rendered":"<h3><img loading=\"lazy\" decoding=\"async\" src=\"wp-content\/uploads\/2009\/07\/camille-peugny-paris8.jpg\" alt=\"\" title=\"camille-peugny-paris8\" width=\"110\" height=\"165\" class=\"alignright size-full wp-image-5152\" srcset=\"https:\/\/sociologie.univ-paris8.fr\/wp-content\/uploads\/2009\/07\/camille-peugny-paris8.jpg 110w, https:\/\/sociologie.univ-paris8.fr\/wp-content\/uploads\/2009\/07\/camille-peugny-paris8-100x150.jpg 100w\" sizes=\"auto, (max-width: 110px) 100vw, 110px\" \/>Ma\u00eetre de conf\u00e9rences<\/h3>\n<p><strong>Th\u00e8mes de recherche : <\/strong><br \/>\nStratification sociale, mobilit\u00e9 sociale, d\u00e9classement<br \/>\nIn\u00e9galit\u00e9s entre les g\u00e9n\u00e9rations et attitudes politiques<br \/>\nRisques psychosociaux au travail<br \/>\ncontact : camille.peugny@univ-paris8.fr<\/p>\n<p>Chercheur au CRESPPA, \u00e9quipe CSU, <a href=\"http:\/\/www.csu.cnrs.fr\/spip.php?rubrique314\">page internet actualis\u00e9e, avec les recherches en cours<\/a><\/p>\n<h3>Principales publications :<\/h3>\n<p><strong>Ouvrage<\/strong> <\/p>\n<p><img decoding=\"async\" src=\"wp-content\/uploads\/2013\/03\/9782021096088.jpg\" width=\"150\" class=\"alignright\"\/><br \/>\nPEUGNY C. (2013), <em>Le destin au berceau. In\u00e9galit\u00e9s et reproduction sociale<\/em>, Seuil.<\/p>\n<p>PEUGNY C. (2009), <em>Le d\u00e9classement<\/em>, Grasset.<\/p>\n<p><strong>Participation \u00e0 des ouvrages collectifs<\/strong><\/p>\n<p>PEUGNY C [avec LE HAY V.] (2013), \u00ab Fragilit\u00e9s et fractures de la soci\u00e9t\u00e9 fran\u00e7aise \u00bb, in <em>Des votes et des voix. De Mitterrand \u00e0 Hollande<\/em>, Paris, Champ social \u00e9ditions, Coll. Questions de soci\u00e9t\u00e9, 2013, pp. 14-24.<\/p>\n<p>ollan<\/p>\n<p>PEUGNY C. (2013), \u00ab Vivre moins bien demain ? Un sentiment de d\u00e9classement tenace \u00bb, in <em>Le grand malaise. Enqu\u00eate sur les classes moyennes<\/em>, Paris, Fondation Jean-Jaur\u00e8s, pp. 32-47.<\/p>\n<p>PEUGNY C. (2012), \u00ab Etre citoyen d\u2019une soci\u00e9t\u00e9 dont on se sent exclu : le rapport au politique de deux g\u00e9n\u00e9rations de jeunes \u00bb, in Val\u00e9rie Becquet, Patricia Loncle et C\u00e9cile Van de Velde (dir.), <em>Politiques de la jeunesse : le grand malentendu<\/em>, Paris, Champ social \u00e9ditions.<\/p>\n<p>PEUGNY C. (2011), \u00ab Les enfants de cadres : ressorts et fr\u00e9quence du d\u00e9classement \u00bb in S. POCHIC, P. BOUFFARTIGUE et C. GADEA (dir.), <em>Les cadres dans les dynamiques sociales : quelles crises des classes moyennes ?<\/em>, Paris, Armand Colin.<\/p>\n<p>PEUGNY C. (2011), \u00ab Une jeunesse sans espoir ? \u00bb, in <em>Tous dans la rue, le mouvement social de l\u2019automne 2010<\/em> (collectif), Paris, Seuil.<\/p>\n<p><img decoding=\"async\" src=\"wp-content\/uploads\/2009\/07\/9782246736813.jpg\" alt=\"Le d\u00e9classement peugny grasset\" title=\"Le d\u00e9classement peugny grasset\" width=\"150\"  class=\"alignright size-full wp-image-1790\" srcset=\"https:\/\/sociologie.univ-paris8.fr\/wp-content\/uploads\/2009\/07\/9782246736813.jpg 400w, https:\/\/sociologie.univ-paris8.fr\/wp-content\/uploads\/2009\/07\/9782246736813-93x150.jpg 93w, https:\/\/sociologie.univ-paris8.fr\/wp-content\/uploads\/2009\/07\/9782246736813-187x300.jpg 187w\" sizes=\"(max-width: 400px) 100vw, 400px\" \/> PEUGNY C. (2009), \u00ab L\u2019\u00e9cole, vecteur de reproduction sociale ? \u00bb, in DURU-BELLAT M. et VAN ZANTEN A. (dir.), <em>Sociologie du syst\u00e8me \u00e9ducatif<\/em>, Paris, Presses Universitaires de France.<\/p>\n<p>PEUGNY C. (2008), \u00ab Quand l\u2019ascenseur social descend \u00bb, in MAURIN L. et SAVIDAN P. (dir.), <em>L\u2019\u00e9tat des in\u00e9galit\u00e9s en 2009<\/em>, Paris, Belin.<\/p>\n<p>TIBERJ V., GOUGOU F., LAPLANCHE-SERVIGNE S., PEUGNY C. (2007), <em>Les mots des pr\u00e9sidentielles<\/em>, Paris, Presses de Sciences-Po.<\/p>\n<p><strong>Coordination de num\u00e9ro de revue<\/strong><\/p>\n<p>PEUGNY C., (2010), \u00ab La mont\u00e9e du d\u00e9classement \u00bb, <em>Probl\u00e8mes politiques et sociaux<\/em>, Paris, La documentation fran\u00e7aise, n\u00b0976 (introduction et coordination du num\u00e9ro).<\/p>\n<p><strong>Article dans des revues \u00e0 comit\u00e9 de lecture<\/strong><\/p>\n<p>PEUGNY C. (2012), \u00ab L\u2019exp\u00e9rience v\u00e9cue de la mobilit\u00e9 sociale : le poids de la fratrie \u00bb, <em>Informations sociales<\/em>, n\u00b0173, p.94-101.<\/p>\n<p>PEUGNY C. (2011), \u00ab Les jeunesses europ\u00e9ennes, leurs difficult\u00e9s et leur perception de l\u2019avenir : une tentative de comparaison europ\u00e9enne \u00bb, <em>Informations sociales<\/em>, n\u00b0165.<\/p>\n<p>PEUGNY C. (2009), \u00ab <a href=\"http:\/\/www.ressourcesjeunesse.fr\/IMG\/pdf\/Agora49pp50-58.pdf\">L\u2019\u00e9preuve du d\u00e9classement<\/a> \u00bb, <em>Agora d\u00e9bats\/jeunesse<\/em>, n\u00b049.<\/p>\n<p>PEUGNY C. (2008), \u00ab  <a href=\"http:\/\/www.insee.fr\/fr\/ffc\/docs_ffc\/Ecostat410B.pdf\">Education et mobilit\u00e9 sociale : la situation paradoxale des g\u00e9n\u00e9rations n\u00e9es dans les ann\u00e9es 1960<\/a> \u00bb, <em>Economie et statistique<\/em>, n\u00b0410, pp.23-45.<\/p>\n<p>PEUGNY C. (2006), \u00ab <a href=\"http:\/\/www.cairn.info\/revue-francaise-de-sociologie-2006-3-p-443.htm\">La mobilit\u00e9 sociale descendante et ses cons\u00e9quences politiques : recomposition de l\u2019univers de valeurs et pr\u00e9f\u00e9rence partisane<\/a> \u00bb, <em>Revue fran\u00e7aise de sociologie<\/em>, 47(3), pp.443-478.<\/p>\n<p><strong>Autres articles<\/strong><\/p>\n<p>PEUGNY C. (2011), \u00ab <a href=\"http:\/\/www.alternatives-economiques.fr\/une-generation-en-crise-nbsp-_fr_art_1079_53465.html\">Une g\u00e9n\u00e9ration en crise ?<\/a> \u00bb, <em>Alternatives \u00e9conomiques<\/em> n\u00b0300, pp.62-64 (d\u00e9bat avec Guillaume All\u00e8gre)<\/p>\n<p>PEUGNY C. (2011), \u00ab Les jeunes sont-ils victimes des vieux ? \u00bb, <em>L\u2019\u00e9tat de la soci\u00e9t\u00e9 fran\u00e7aise<\/em>, hors-s\u00e9rie de la revue <em>Alternatives \u00e9conomiques<\/em><\/p>\n<p>PEUGNY C. (2010), \u00ab 35-50 ans : la d\u00e9stabilisation des \u00e2ges interm\u00e9diaires de la vie \u00bb, <em>Les cahiers de l\u2019Atelier<\/em>, n\u00b0525, pp.36-43.<\/p>\n<p>PEUGNY C. (2009), \u00ab <a href=\"http:\/\/www.revuesocialiste.fr\/wp-content\/uploads\/2009\/06\/peugny.pdf\">Le d\u00e9fi du d\u00e9classement<\/a> \u00bb, <em>La revue socialiste<\/em>, n\u00b034, pp.47-51.<\/p>\n<p>PEUGNY C. (2009), \u00ab Origine sociale, niveau scolaire et d\u00e9classement \u00bb, <em>L\u2019\u00e9cole des parents<\/em>, n\u00b0579.<\/p>\n<p>PEUGNY C. (2008), \u00ab Les quadrag\u00e9naires bien mal lotis \u00bb, <em>Constructif<\/em>, n\u00b020, pp.31-34.<\/p>\n<p>Rapports de recherche<\/p>\n<p>PEUGNY C. (2006), \u00ab Quand l\u2019ascenseur social descend : les cons\u00e9quences individuelles et collectives du d\u00e9classement social \u00bb, rapport pour la MiRe (Drees), convention de recherche n\u00b0 03\/227, 275 pages.<\/p>\n<p><strong>Autres activit\u00e9s<\/strong> :<\/p>\n<p>Camille Peugny, \u00ab Non, la mont\u00e9e du d\u00e9classement n\u2019est pas un mythe \u00bb, <em>Le Monde<\/em> du 14\/07\/2009<\/p>\n<p>Camille Peugny (avec Fabienne Brug\u00e8re), \u00ab Plaidoyer pour l\u2019\u00e9galit\u00e9 r\u00e9elle \u00bb, <em>Le Monde<\/em> du 30\/11\/2010<\/p>\n<p>tribune publi\u00e9e avec M. Duru-Bellat dans Lib\u00e9ration\u00a0: <a href=\"http:\/\/www.liberation.fr\/terre\/0101601261-le-declassement-social-n-est-pas-qu-un-fantasme\">http:\/\/www.liberation.fr\/terre\/0101601261-le-declassement-social-n-est-pas-qu-un-fantasme<\/a><\/p>\n<p>Membre du comit\u00e9 de r\u00e9daction de la <em>Revue fran\u00e7aise de sociologie<\/em> ainsi que celui de la revue <em>Agora D\u00e9bats\/jeunesse<\/em> publi\u00e9e par l\u2019INJEP\u00a0: http:\/\/www.injep.fr\/-Agora-debats-jeunesses-.html<\/p>\n<p>2009 (juillet) : <a href=\"http:\/\/sites.radiofrance.fr\/chaines\/france-culture2\/emissions\/grain\/fiche.php?diffusion_id=75423\">Du grain \u00e0 moudre<\/a>, sur <i>France Culture<\/i>. [<a href=\"fichiers\/20090713-frcult-peugny.mp3\">\u00e9mission en MP3<\/a>]<\/p>\n<div><object width=\"480\" height=\"405\"><param name=\"movie\" value=\"http:\/\/www.dailymotion.com\/swf\/x9th7s_camille-peugny-franceinfo-09-07-200_news&#038;related=0\"\/><param name=\"allowFullScreen\" value=\"true\"\/><param name=\"allowScriptAccess\" value=\"always\"\/><embed src=\"http:\/\/www.dailymotion.com\/swf\/x9th7s_camille-peugny-franceinfo-09-07-200_news&#038;related=0\" type=\"application\/x-shockwave-flash\" width=\"480\" height=\"405\" allowFullScreen=\"true\" allowScriptAccess=\"always\"\/><\/object><br \/><b><a href=\"http:\/\/www.dailymotion.com\/video\/x9th7s_camille-peugny-franceinfo-09-07-200_news\">Camille Peugny, France-info, 09 07 2009<\/a><\/b><\/div>\n<div><object width=\"480\" height=\"381\"><param name=\"movie\" value=\"http:\/\/www.dailymotion.com\/swf\/x92h9i_france-inter-les-jeunes-face-a-la-c_news&#038;related=0\"\/><param name=\"allowFullScreen\" value=\"true\"\/><param name=\"allowScriptAccess\" value=\"always\"\/><embed src=\"http:\/\/www.dailymotion.com\/swf\/x92h9i_france-inter-les-jeunes-face-a-la-c_news&#038;related=0\" type=\"application\/x-shockwave-flash\" width=\"480\" height=\"381\" allowFullScreen=\"true\" allowScriptAccess=\"always\"\/><\/object><br \/><b><a href=\"http:\/\/www.dailymotion.com\/video\/x92h9i_france-inter-les-jeunes-face-a-la-c_news\">Camille Peugny sur France Inter &#8211; Les jeunes face &agrave; la crise<\/a><\/b><\/div>\n","protected":false},"excerpt":{"rendered":"<p>Ma\u00eetre de conf\u00e9rences Th\u00e8mes de recherche : Stratification sociale, mobilit\u00e9 sociale, d\u00e9classement In\u00e9galit\u00e9s entre les g\u00e9n\u00e9rations et attitudes politiques Risques psychosociaux au travail contact : camille.peugny@univ-paris8.fr Chercheur au CRESPPA, \u00e9quipe CSU, page internet actualis\u00e9e, avec les recherches en cours Principales publications : Ouvrage PEUGNY C. (2013), Le destin au berceau. In\u00e9galit\u00e9s et reproduction sociale, Seuil.&hellip;<\/p>\n","protected":false},"author":1,"featured_media":0,"parent":102,"menu_order":0,"comment_status":"closed","ping_status":"closed","template":"","meta":{"footnotes":""},"class_list":["post-1786","page","type-page","status-publish","hentry","description-off"],"_links":{"self":[{"href":"https:\/\/sociologie.univ-paris8.fr\/index.php?rest_route=\/wp\/v2\/pages\/1786","targetHints":{"allow":["GET"]}}],"collection":[{"href":"https:\/\/sociologie.univ-paris8.fr\/index.php?rest_route=\/wp\/v2\/pages"}],"about":[{"href":"https:\/\/sociologie.univ-paris8.fr\/index.php?rest_route=\/wp\/v2\/types\/page"}],"author":[{"embeddable":true,"href":"https:\/\/sociologie.univ-paris8.fr\/index.php?rest_route=\/wp\/v2\/users\/1"}],"replies":[{"embeddable":true,"href":"https:\/\/sociologie.univ-paris8.fr\/index.php?rest_route=%2Fwp%2Fv2%2Fcomments&post=1786"}],"version-history":[{"count":31,"href":"https:\/\/sociologie.univ-paris8.fr\/index.php?rest_route=\/wp\/v2\/pages\/1786\/revisions"}],"predecessor-version":[{"id":6289,"href":"https:\/\/sociologie.univ-paris8.fr\/index.php?rest_route=\/wp\/v2\/pages\/1786\/revisions\/6289"}],"up":[{"embeddable":true,"href":"https:\/\/sociologie.univ-paris8.fr\/index.php?rest_route=\/wp\/v2\/pages\/102"}],"wp:attachment":[{"href":"https:\/\/sociologie.univ-paris8.fr\/index.php?rest_route=%2Fwp%2Fv2%2Fmedia&parent=1786"}],"curies":[{"name":"wp","href":"https:\/\/api.w.org\/{rel}","templated":true}]}}