{"id":11295,"date":"2024-09-27T16:02:53","date_gmt":"2024-09-27T14:02:53","guid":{"rendered":"https:\/\/sociologie.univ-paris8.fr\/?page_id=11295"},"modified":"2025-07-28T12:25:01","modified_gmt":"2025-07-28T10:25:01","slug":"belmallem-renda","status":"publish","type":"page","link":"https:\/\/sociologie.univ-paris8.fr\/?page_id=11295","title":{"rendered":"Belmallem Renda"},"content":{"rendered":"\n<h3 class=\"wp-block-heading\">Charg\u00e9.e de cours :<\/h3>\n\n\n<p><strong>Enseignement:<\/strong><br \/>\nIntroduction \u00e0 la d\u00e9mographie et aux statistiques<\/p>\n<p><strong>Contact:<\/strong><\/p>\n<p>Renda.b@hotmail.fr<\/p>","protected":false},"excerpt":{"rendered":"<p>Charg\u00e9.e de cours : Enseignement: Introduction \u00e0 la d\u00e9mographie et aux statistiques Contact: Renda.b@hotmail.fr<\/p>\n","protected":false},"author":9,"featured_media":0,"parent":102,"menu_order":0,"comment_status":"closed","ping_status":"closed","template":"","meta":{"footnotes":""},"class_list":["post-11295","page","type-page","status-publish","hentry","description-off"],"_links":{"self":[{"href":"https:\/\/sociologie.univ-paris8.fr\/index.php?rest_route=\/wp\/v2\/pages\/11295","targetHints":{"allow":["GET"]}}],"collection":[{"href":"https:\/\/sociologie.univ-paris8.fr\/index.php?rest_route=\/wp\/v2\/pages"}],"about":[{"href":"https:\/\/sociologie.univ-paris8.fr\/index.php?rest_route=\/wp\/v2\/types\/page"}],"author":[{"embeddable":true,"href":"https:\/\/sociologie.univ-paris8.fr\/index.php?rest_route=\/wp\/v2\/users\/9"}],"replies":[{"embeddable":true,"href":"https:\/\/sociologie.univ-paris8.fr\/index.php?rest_route=%2Fwp%2Fv2%2Fcomments&post=11295"}],"version-history":[{"count":1,"href":"https:\/\/sociologie.univ-paris8.fr\/index.php?rest_route=\/wp\/v2\/pages\/11295\/revisions"}],"predecessor-version":[{"id":11296,"href":"https:\/\/sociologie.univ-paris8.fr\/index.php?rest_route=\/wp\/v2\/pages\/11295\/revisions\/11296"}],"up":[{"embeddable":true,"href":"https:\/\/sociologie.univ-paris8.fr\/index.php?rest_route=\/wp\/v2\/pages\/102"}],"wp:attachment":[{"href":"https:\/\/sociologie.univ-paris8.fr\/index.php?rest_route=%2Fwp%2Fv2%2Fmedia&parent=11295"}],"curies":[{"name":"wp","href":"https:\/\/api.w.org\/{rel}","templated":true}]}}